2 + 19*j + 48. Give s(-3).
-18
Let r(o) = o**3 - 45*o**2 + 11*o + 81. Give r(45).
576
Let j(x) = 93*x**3 - 9*x**2 + 76*x + 364. Determine j(-4).
-6036
Let a(i) = -5*i**2 + 36741*i + 331067. Give a(-9).
-7
Let y(s) = 271*s**2 + 1785*s - 817. Calculate y(-7).
-33
Let h(t) = -1928*t**2 + 23084*t - 1. Calculate h(12).
-625
Let j(q) = q**2 + 6*q - 1122. Determine j(-38).
94
Let m(o) = -o**2 + 2411*o + 48642. Give m(-20).
22
Let i(r) = -26803*r + 428817. Give i(16).
-31
Let i(m) = 159*m**2 - 11050*m - 5638. Calculate i(70).
-38
Let a(f) = 46*f**2 - 1815*f - 1089. Calculate a(40).
-89
Let b(f) = -13*f**3 - 65*f**2 - 36*f - 460. What is b(-7)?
1066
Let m(z) = -257*z - 16490. What is m(-64)?
-42
Let d(i) = 5898*i - 9259849. What is d(1570)?
11
Let x(s) = -2*s**3 + 1197*s**2 + 4131*s + 49949. Determine x(602).
-17
Let r(k) = -13*k**3 + 1155*k**2 + 153*k + 2221. Give r(89).
-4
Let k(r) = -47905*r - 96011. Give k(-2).
-201
Let i(r) = 2*r**3 - 32*r**2 - 77233*r + 1158937. Give i(15).
-8
Let z(v) = 605*v + 36428. Determine z(-60).
128
Let x(k) = -8195*k - 475307. Determine x(-58).
3
Let d(o) = -5966*o - 1223014. Give d(-205).
16
Let h(w) = -1184*w - 243658. Give h(-206).
246
Let a(o) = -418*o - 4802. Give a(-11).
-204
Let m(c) = -16147*c - 32379. What is m(-2)?
-85
Let o(v) = -v**3 - 30*v**2 - 42*v - 88. Determine o(-28).
-480
Let n(s) = 34*s**3 - 899*s + 901. Determine n(1).
36
Let c(b) = 2*b**2 + 1228*b + 9922. Calculate c(-8).
226
Let q(s) = s**3 - 11*s**2 + 2605*s - 28369. Calculate q(11).
286
Let f(t) = -t**3 - 17*t**2 - 149*t - 736. Give f(-9).
-43
Let o(a) = 14*a - 5564. What is o(156)?
-3380
Let j(m) = -4944*m + 14821. What is j(3)?
-11
Let h(j) = j**3 + 142*j**2 - 118*j + 2509. Determine h(-143).
-1066
Let k(r) = -18*r**2 + 6033*r + 93461. Determine k(350).
11
Let i(u) = -686*u - 26662. What is i(-39)?
92
Let g(a) = -a**3 + 45*a**2 - 116*a + 4301. What is g(44)?
1133
Let g(q) = 354*q + 7225. Calculate g(-37).
-5873
Let o(v) = -2*v**3 + 1872*v**2 - 1928*v + 54231. What is o(935)?
1
Let g(p) = 2*p**3 + 644*p**2 + 5*p + 1507. What is g(-322)?
-103
Let b(g) = -g**2 - 2559*g + 56781. What is b(22)?
-1
Let t(h) = -2*h**3 + 35*h**2 + 9*h - 116. Give t(18).
-278
Let o(m) = 4*m**2 + 90*m + 257. Calculate o(-19).
-9
Let r(n) = -5*n**2 + 2309*n - 173958. Determine r(367).
0
Let p(z) = -64794*z + 842311. Give p(13).
-11
Let j(u) = -2*u**3 + 443*u**2 + 229*u - 2396. Calculate j(222).
-842
Let c(p) = -2908982*p + 75633530. Give c(26).
-2
Let i(k) = -3*k**3 - 6*k**2 + 28*k - 135. What is i(-5)?
-50
Let z(k) = 2*k**3 - 7*k**2 + 832*k - 3273. What is z(4)?
71
Let i(y) = -y**3 + 22468*y**2 + 3233370*y - 433. Determine i(-143).
-4
Let t(a) = 21*a**2 + 4466*a + 24612. Calculate t(-207).
-21
Let o(t) = -648*t + 5945. What is o(18)?
-5719
Let i(n) = 2*n**2 - 80*n + 45. Determine i(66).
3477
Let k(u) = -1388*u - 38185. Calculate k(-31).
4843
Let m(o) = 5495*o + 164860. What is m(-30)?
10
Let r(t) = -3*t**3 + 38*t**2 + 103*t + 38. Determine r(15).
8
Let q(z) = -2*z**3 + 21*z**2 - 76*z + 616. Determine q(10).
-44
Let a(q) = q**3 - 312*q**2 - 1570*q - 4764. Give a(317).
-9
Let m(i) = -96514*i - 386056. Calculate m(-4).
0
Let l(a) = -41*a**2 + 256*a - 204. Calculate l(5).
51
Let c(d) = -435*d - 4397. Calculate c(-11).
388
Let c(q) = q**3 - 73*q**2 - 152*q - 509. Calculate c(75).
-659
Let r(m) = -72*m**2 - 510*m + 2. Determine r(-7).
44
Let d(o) = 809*o - 10949. Determine d(15).
1186
Let o(k) = -k**2 + 514*k - 18525. Calculate o(39).
0
Let o(n) = 505*n**3 - 21*n**2 + 42*n - 1. Calculate o(2).
4039
Let q(p) = -117*p - 2123. Calculate q(-15).
-368
Let g(c) = 4*c**3 + 180*c**2 + 505*c. What is g(-3)?
-3
Let l(g) = 1636*g + 387731. What is l(-237)?
-1
Let r(x) = -2997387*x - 23979105. Determine r(-8).
-9
Let f(y) = y**3 + 77*y**2 + 185*y + 27171. Give f(-79).
74
Let d(m) = 260423*m + 2083318. Give d(-8).
-66
Let x(b) = 4*b**3 - 128*b**2 - 736*b - 134. Give x(37).
14
Let r(g) = 46403*g - 3248211. Determine r(70).
-1
Let p(r) = -2*r**2 + 365*r - 4143. What is p(12)?
-51
Let s(w) = 982*w + 121801. What is s(-124)?
33
Let o(z) = 20*z**2 + 994*z + 4966. Give o(-5).
496
Let v(w) = -2*w**2 - 180*w + 8. Determine v(0).
8
Let j(p) = -7*p**3 + p**2 + 32*p - 101. Calculate j(6).
-1385
Let j(b) = b**3 + 317*b**2 + 435*b + 137906. Calculate j(-317).
11
Let f(l) = -2*l**2 - 460*l - 25722. Determine f(-97).
80
Let a(t) = -5*t**3 - 131*t**2 - 111*t + 986. Calculate a(-25).
11
Let z(j) = -j**2 + 24*j + 748. Give z(24).
748
Let p(n) = 504*n**2 + 93252*n + 2229. Give p(-185).
9
Let k(x) = -191928*x + 24. What is k(0)?
24
Let q(r) = -2*r**3 - 13*r**2 + 42*r + 322. Give q(-10).
602
Let y(k) = 422*k + 26586. Determine y(-63).
0
Let d(v) = 5*v**2 - 788*v + 30904. Determine d(74).
-28
Let r(h) = h**2 + 148*h - 15596. Determine r(-219).
-47
Let x(w) = w**3 - 31*w**2 + 64*w - 3003. What is x(32)?
69
Let n(t) = -45*t + 507. Calculate n(9).
102
Let y(k) = k**3 - 22*k**2 + 29816*k - 178331. What is y(6)?
-11
Let l(c) = 30*c**2 + 3488*c + 4372. Calculate l(-115).
2
Let n(b) = -b**2 + 27*b + 23. Determine n(19).
175
Let d(c) = -3017*c**2 + 14569*c + 1. What is d(5)?
-2579
Let t(h) = 1993*h**2 + 4071*h + 25. Determine t(-2).
-145
Let v(o) = 11378*o + 91007. Determine v(-8).
-17
Let q(m) = 6*m**3 - 40*m**2 + 8*m - 94. Give q(7).
60
Let m(x) = -15*x**3 - 132*x**2 - 407*x + 8. Determine m(-3).
446
Let m(t) = -t**3 - t**2 + 1708*t + 5116. Give m(-3).
10
Let a(m) = -94*m**3 + 175*m**2 - 199*m + 23. Determine a(1).
-95
Let b(j) = 30*j**2 - 961*j - 79. What is b(32)?
-111
Let z(d) = 813*d**2 - 31*d + 27. Calculate z(1).
809
Let f(d) = -598*d + 29318. Determine f(49).
16
Let p(u) = 4*u + 43. Calculate p(-3).
31
Let l(u) = u**2 + 845*u + 10326. Determine l(-13).
-490
Let n(h) = 2*h**2 - 128*h + 1419. Determine n(38).
-557
Let h(r) = 2*r**3 + 93*r**2 + 70*r - 23423. Determine h(-37).
-2
Let v(r) = 2*r**2 - 37*r - 911. Determine v(-22).
871
Let z(c) = -7709*c + 28. What is z(0)?
28
Let x(p) = -p**2 - 48*p + 3902. Calculate x(44).
-146
Let y(v) = 66*v**2 + 28003*v - 28069. What is y(1)?
0
Let x(a) = -2196*a + 51. Give x(0).
51
Let y(d) = 2*d**2 + 522*d + 5877. Calculate y(-12).
-99
Let b(w) = w**3 - 9*w**2 + 33*w + 32. Calculate b(6).
122
Let q(d) = -7424*d**2 + 37104*d + 79. Calculate q(5).
-1
Let q(y) = -y**3 - 33*y**2 - 1769*y - 47933. Calculate q(-29).
4
Let m(v) = -1008830*v + 6052983. What is m(6)?
3
Let y(v) = 71*v**2 + 14*v - 60. Determine y(-4).
1020
Let g(h) = h**3 + 123*h**2 - 9788*h + 338. Calculate g(-178).
-18
Let d(f) = f**2 - 391*f + 37358. Give d(166).
8
Let a(q) = -q**2 - 2422*q + 88529. What is a(36)?
41
Let b(c) = -c**3 + 343*c**2 + c - 352. What is b(343)?
-9
Let c(u) = 2009*u - 52263. Give c(26).
-29
Let q(h) = 136*h + 731. Calculate q(-2).
459
Let z(v) = 976*v - 4453. Give z(6).
1403
Let k(i) = 33*i**2 - 150*i - 430. Give k(-3).
317
Let v(i) = 10*i**3 - 15*i**2 + 7*i + 6. Calculate v(-4).
-902
Let u(v) = -3*v**2 + 75*v - 255. Determine u(21).
-3
Let f(s) = -s**3 + 229*s**2 - 896*s - 39. What is f(225)?
861
Let d(n) = 4*n**2 - 169*n - 577. Calculate d(45).
-82
Let i(q) = -8*q**2 + 1086*q + 15460. Calculate i(-13).
-10
Let o(w) = -8*w**3 - 13*w**2 + 9*w + 9. What is o(5)?
-1271
Let w(y) = 2*y**3 + 50*y**2 - 1303*y - 146. Determine w(16).
-2
Let u(g) = -77921*g - 623364. Calculate u(-8).
4
Let u(o) = o**3 - 64*o**2 + 68*o - 13110. Give u(66).
90
Let m(z) = z**3 - 31*z**2 + 39*z + 1680. Give m(28).
420
Let o(q) = q**2 - 177*q + 7560. Determine o(86).
-266
Let g(m) = 12324*m - 332754. Calculate g(27).
-6
Let s(m) = -11414*m + 68494. Give s(6).
10
Let r(z) = -z**3 - 28*z**2 - 146*z + 650. Give r(-13).
13
Let w(t) = -t**3 + 69*t**2 - 199*t + 80. What is w(66)?
14
Let c(g) = 24795*g**2 + 495905*g + 108. What is c(-20)?
8
Let l(b) = -70*b**2 - 731*b - 1861. What is l(-6)?
5
Let n(g) = -g**2 - 8512*g + 6966549. What is n(752)?
21
Let r(c) = -33248*c + 166139. What is r(5)?
-101
Let q(x) = 2*x**2 + 145*x + 63. What is q(0)?
63
Let x(j) = -17534*j - 77470. Calculate x(-4).
-7334
Let p(g) = 943*g - 13235. What is p(14)?
-33
Let f(p) = 137*p - 10384. Calculate f(73).
-383
Let p(t) = 61800*t + 3213590. Calculate p(-52).
-10
Let o(q) = -975*q + 3869. Give o(4).
-31
Let s(b) = 3364*b + 238817. What is s(-71)?
-2